vided by 13925.
17
What is the remainder when 281125 is divided by 5734?
159
What is the remainder when 556867 is divided by 1270?
607
What is the remainder when 1467731 is divided by 1144?
1123
What is the remainder when 55953 is divided by 7935?
408
Calculate the remainder when 1940 is divided by 726.
488
What is the remainder when 6291853 is divided by 367?
5
Calculate the remainder when 15190807 is divided by 230162.
115
Calculate the remainder when 15695037 is divided by 160.
157
Calculate the remainder when 78898 is divided by 1273.
1245
What is the remainder when 1091414 is divided by 109108?
334
What is the remainder when 526066 is divided by 159?
94
Calculate the remainder when 9296363 is divided by 4648048.
267
Calculate the remainder when 792678 is divided by 21.
12
What is the remainder when 1464195 is divided by 487296?
2307
What is the remainder when 40871 is divided by 38805?
2066
Calculate the remainder when 13255 is divided by 12235.
1020
Calculate the remainder when 55317450 is divided by 383.
377
Calculate the remainder when 40010650 is divided by 2581.
2569
What is the remainder when 684547 is divided by 256?
3
Calculate the remainder when 75632 is divided by 18469.
1756
Calculate the remainder when 3734241 is divided by 186712.
1
Calculate the remainder when 91892 is divided by 176.
20
What is the remainder when 2229574 is divided by 680?
534
What is the remainder when 107930 is divided by 11771?
1991
What is the remainder when 21142518 is divided by 184?
182
What is the remainder when 323104718 is divided by 35900524?
2
Calculate the remainder when 86138201 is divided by 121.
116
What is the remainder when 3619741 is divided by 117?
112
What is the remainder when 3386663 is divided by 92?
51
What is the remainder when 5602568 is divided by 2801281?
6
Calculate the remainder when 2957013 is divided by 344.
333
Calculate the remainder when 17981039 is divided by 597.
593
Calculate the remainder when 927571039 is divided by 1412.
1411
Calculate the remainder when 1013618 is divided by 337869.
11
What is the remainder when 336202647 is divided by 1529?
11
Calculate the remainder when 7549646 is divided by 40.
6
What is the remainder when 90183 is divided by 5301?
66
What is the remainder when 5811 is divided by 1953?
1905
What is the remainder when 594936 is divided by 187?
89
Calculate the remainder when 44050368 is divided by 458858.
0
What is the remainder when 175384 is divided by 176?
88
Calculate the remainder when 3681746 is divided by 53.
48
Calculate the remainder when 270657 is divided by 2015.
647
Calculate the remainder when 47302638 is divided by 15767537.
27
What is the remainder when 47329 is divided by 4654?
789
Calculate the remainder when 135085 is divided by 11625.
7210
Calculate the remainder when 24165830 is divided by 33.
29
What is the remainder when 74742046 is divided by 72?
70
What is the remainder when 5567131 is divided by 123714?
1
Calculate the remainder when 1919308 is divided by 286.
248
Calculate the remainder when 58153 is divided by 13627.
3645
What is the remainder when 221185 is divided by 1242?
109
What is the remainder when 12149731 is divided by 533?
529
Calculate the remainder when 17524062 is divided by 80756.
10
Calculate the remainder when 531551 is divided by 2052.
83
Calculate the remainder when 21147208 is divided by 130538.
52
Calculate the remainder when 115680 is divided by 746.
50
What is the remainder when 253394459 is divided by 2942?
2941
Calculate the remainder when 3211352 is divided by 401409.
80
Calculate the remainder when 245901858 is divided by 14.
6
Calculate the remainder when 10669989 is divided by 1635.
1614
Calculate the remainder when 805884 is divided by 1615.
1614
Calculate the remainder when 132700 is divided by 66159.
382
Calculate the remainder when 429472 is divided by 6818.
6756
What is the remainder when 415839 is divided by 180?
39
What is the remainder when 1813143 is divided by 604362?
57
Calculate the remainder when 1933979 is divided by 12.
11
What is the remainder when 362528 is divided by 6587?
243
Calculate the remainder when 1319624 is divided by 1788.
80
Calculate the remainder when 41820436 is divided by 10455109.
0
Calculate the remainder when 2495777 is divided by 40254.
29
Calculate the remainder when 5509288 is divided by 122.
12
What is the remainder when 2826310 is divided by 88304?
582
Calculate the remainder when 47231 is divided by 47128.
103
What is the remainder when 220523 is divided by 22039?
133
What is the remainder when 335017 is divided by 368?
137
Calculate the remainder when 460482 is divided by 12358.
3236
Calculate the remainder when 524966 is divided by 2763.
2759
What is the remainder when 677149 is divided by 67655?
599
Calculate the remainder when 833702481 is divided by 46.
45
What is the remainder when 44121294 is divided by 41742?
0
What is the remainder when 105606 is divided by 3285?
486
What is the remainder when 102019 is divided by 267?
25
Calculate the remainder when 68885 is divided by 3022.
2401
Calculate the remainder when 1769709 is divided by 178.
33
Calculate the remainder when 3917072 is divided by 4959.
4421
Calculate the remainder when 14592917 is divided by 173.
21
Calculate the remainder when 1661981 is divided by 399.
146
What is the remainder when 385906 is divided by 496?
18
What is the remainder when 1517495 is divided by 1515973?
1522
Calculate the remainder when 2266753 is divided by 35.
13
Calculate the remainder when 224733 is divided by 313.
312
Calculate the remainder when 318596 is divided by 491.
428
What is the remainder when 3034544 is divided by 1422?
1418
Calculate the remainder when 141056283 is divided by 70.
53
Calculate the remainder when 479069 is divided by 493.
366
What is the remainder when 4644019 is divided by 64500?
19
What is the remainder when 7136655 is divided by 19824?
15
What is the remainder when 81682 is divided by 1145?
387
Calculate the remainder when 4730 is divided by 1058.
498
Calculate the remainder when 10267589 is divided by 17.
14
What is the remainder when 198913 is divided by 10930?
2173
Calculate the remainder when 333206 is divided by 165029.
3148
What is the remainder when 5786328 is divided by 5786278?
50
Calculate the remainder when 1406999 is divided by 3113.
3036
What is the remainder when 1138969 is divided by 569465?
39
What is the remainder when 242369 is divided by 1029?
554
Calculate the remainder when 171160 is divided by 34197.
175
Calculate the remainder when 904508 is divided by 418.
374
Calculate the remainder when 1507610 is divided by 583.
555
Calculate the remainder when 726860 is divided by 305.
45
What is the remainder when 350833 is divided by 350792?
41
Calculate the remainder when 422332 is divided by 91.
1
What is the remainder when 7574415 is divided by 21?
9
What is the remainder when 679149 is divided by 679072?
77
Calculate the remainder when 24408240 is divided by 1356012.
24
Calculate the remainder when 642234 is divided by 53515.
54
What is the remainder when 71953 is divided by 109?
13
Calculate the remainder when 61169286 is divided by 98.
38
Calculate the remainder when 1342204 is divided by 58355.
39
What is the remainder when 3553764 is divided by 760?
4
Calculate the remainder when 37527 is divided by 18749.
29
Calculate the remainder when 27205514 is divided by 443.
441
Calculate the remainder when 11704124 is divided by 575.
574
Calculate the remainder when 75500 is divided by 10777.
61
What is the remainder when 866452 is divided by 288814?
10
Calculate the remainder when 3726096 is divided by 40501.
4
What is the remainder when 29435837 is divided by 28?
25
Calculate the remainder when 290551 is divided by 45.
31
Calculate the remainder when 617144 is divided by 252.
248
Calculate the remainder when 7448608 is divided by 1637.
258
Calculate the remainder when 248904 is divided by 59840.
9544
What is the remainder when 60294 is divided by 496?
278
Calculate the remainder when 189301 is divided by 2337.
4
Calculate the remainder when 156156 is divided by 77959.
238
Calculate the remainder when 338541 is divided by 142.
13
What is the remainder when 1635808 is divided by 56407?
5
What is the remainder when 1